mmon factor of 2005265 and 195.
5
Calculate the greatest common divisor of 359 and 266886344.
359
Calculate the highest common factor of 510 and 62035380.
510
Calculate the highest common factor of 570 and 1686767750.
190
Calculate the highest common divisor of 5117 and 10853888.
731
Calculate the greatest common divisor of 101 and 24891955.
101
What is the highest common factor of 273277682 and 244?
122
What is the highest common factor of 952 and 6377?
7
Calculate the highest common factor of 2842066 and 218.
218
What is the greatest common divisor of 236992 and 329812?
28
Calculate the greatest common divisor of 93159 and 91014.
33
Calculate the greatest common factor of 12 and 10126852.
4
Calculate the greatest common divisor of 6573285 and 2415.
345
What is the highest common divisor of 43922053 and 133?
133
What is the highest common factor of 2085876 and 64584?
468
What is the greatest common factor of 108070551 and 27?
27
Calculate the highest common factor of 4120 and 348435610.
1030
Calculate the highest common factor of 316 and 1116226076.
316
What is the highest common factor of 92092 and 3938?
22
What is the greatest common factor of 60 and 14765860?
20
Calculate the highest common factor of 18785 and 75774270.
1105
What is the greatest common divisor of 102742 and 653018?
94
What is the greatest common factor of 3252660 and 227010?
690
What is the greatest common factor of 212 and 311587?
53
Calculate the highest common divisor of 204 and 41570576.
68
What is the greatest common divisor of 447 and 2863184?
149
What is the greatest common divisor of 30785 and 104040986?
6157
What is the greatest common factor of 518 and 2192204?
14
What is the highest common divisor of 2427 and 32309?
1
Calculate the greatest common divisor of 151884185 and 3805.
3805
What is the greatest common factor of 464 and 24877418?
58
Calculate the greatest common factor of 19371 and 3409791.
33
What is the highest common factor of 1232 and 546040?
88
What is the highest common divisor of 1346476164 and 1572?
1572
Calculate the highest common divisor of 1131408 and 3216.
48
What is the highest common factor of 9457 and 31997?
49
What is the highest common factor of 130002425 and 35?
35
Calculate the greatest common factor of 2745727 and 603.
67
What is the greatest common divisor of 578 and 1383821590?
578
What is the highest common factor of 1003 and 72325327?
1003
What is the highest common divisor of 21 and 164290854?
21
Calculate the highest common factor of 404472 and 2744.
8
Calculate the highest common divisor of 1467 and 6439302.
9
Calculate the highest common factor of 18470 and 16970.
10
Calculate the greatest common divisor of 244505 and 49375.
395
Calculate the highest common factor of 76111 and 15449.
7
Calculate the greatest common factor of 3318 and 59338006.
1106
What is the highest common divisor of 5736969 and 243?
9
Calculate the highest common divisor of 34 and 105791.
17
Calculate the greatest common divisor of 36190 and 243930.
470
What is the greatest common divisor of 789 and 93394719?
789
What is the highest common divisor of 2617860 and 18676?
644
What is the greatest common factor of 263277812 and 1676?
1676
Calculate the highest common divisor of 192780 and 29570940.
3780
Calculate the highest common divisor of 982390698 and 36.
18
What is the greatest common factor of 127280 and 331100?
860
Calculate the greatest common divisor of 716 and 337735052.
716
What is the highest common divisor of 5192061 and 63?
21
What is the highest common divisor of 7 and 21124033?
7
What is the highest common divisor of 550 and 21336475?
25
Calculate the greatest common factor of 5811380 and 62440.
4460
What is the greatest common factor of 8 and 5521708?
4
What is the highest common divisor of 5680 and 62864110?
710
Calculate the highest common divisor of 1577 and 389353.
83
Calculate the highest common factor of 49983 and 7386.
3
Calculate the greatest common divisor of 95270028 and 3990.
798
What is the greatest common divisor of 100427248 and 471?
157
What is the highest common factor of 93 and 3928072?
31
What is the highest common divisor of 2466 and 123390?
18
Calculate the highest common factor of 5158235 and 10.
5
Calculate the greatest common factor of 25566963 and 629.
629
What is the highest common divisor of 1357 and 4923727?
59
Calculate the highest common divisor of 8600 and 147640.
40
What is the greatest common factor of 3397 and 702073?
79
Calculate the highest common factor of 319 and 2787973.
29
Calculate the greatest common divisor of 88 and 4623971.
11
Calculate the greatest common divisor of 36601050 and 3605.
515
Calculate the highest common divisor of 12146 and 22099647.
6073
What is the greatest common divisor of 39002780 and 2080?
20
What is the highest common divisor of 119611926 and 54?
18
What is the greatest common divisor of 260892678 and 78?
6
What is the highest common factor of 21692 and 981376?
748
Calculate the greatest common divisor of 39803759 and 2558.
1279
Calculate the highest common factor of 101154411 and 333.
333
Calculate the greatest common factor of 2956 and 196.
4
What is the greatest common divisor of 590521 and 1969?
179
What is the highest common divisor of 10211904 and 5184?
576
What is the highest common divisor of 611 and 55961841?
13
Calculate the highest common factor of 3300231 and 380919.
3201
Calculate the greatest common factor of 7640 and 3553555.
955
Calculate the highest common divisor of 360666615 and 1970.
985
Calculate the highest common divisor of 865878 and 1377.
51
Calculate the greatest common divisor of 1582366 and 256166.
698
Calculate the greatest common factor of 1062 and 425772.
18
Calculate the greatest common factor of 6336108 and 49932.
2628
Calculate the highest common divisor of 22257059 and 11.
11
Calculate the highest common factor of 282880 and 23545.
85
Calculate the highest common divisor of 11562 and 968482.
94
Calculate the greatest common divisor of 4533136 and 32344.
2488
What is the greatest common divisor of 2705512 and 15894?
1766
What is the highest common factor of 7765488 and 19944?
72
Calculate the greatest common factor of 2083861 and 2512.
157
What is the greatest common divisor of 300 and 6543650?
50
Calculate the greatest common divisor of 3009208 and 13234.
1018
Calculate the highest common factor of 1546657 and 122293.
29
What is the highest common divisor of 9421225 and 1045?
55
What is the highest common divisor of 78954 and 31338?
6
Calculate the greatest common factor of 188006070 and 18.
6
What is the greatest common divisor of 18 and 199820538?
18
What is the highest common factor of 39986147 and 1?
1
What is the greatest common divisor of 1030464 and 3600?
144
What is the greatest common divisor of 4689 and 33181969?
521
What is the highest common divisor of 47313529 and 3989?
3989
What is the highest common factor of 5234952 and 1888?
472
Calculate the greatest common factor of 869 and 48290.
11
Calculate the highest common factor of 1064984 and 59272.
1912
Calculate the highest common divisor of 138803 and 8228087.
553
What is the highest common divisor of 442883 and 1442198?
419
What is the highest common factor of 7819401 and 12?
3
What is the highest common divisor of 160 and 1057970?
10
Calculate the highest common divisor of 2710 and 9510474.
542
What is the greatest common factor of 12159 and 305127?
9
Calculate the greatest common divisor of 56 and 2884868.
28
Calculate the highest common factor of 35718548 and 712.
356
What is the highest common factor of 6090130 and 10?
10
Calculate the greatest common divisor of 562557 and 78111.
789
Calculate the highest common factor of 3402464 and 3016.
104
What is the highest common divisor of 1661361 and 29315?
533
What is the highest common factor of 1870692815 and 2455?
2455
What is the greatest common factor of 61029234 and 1890?
378
What is the highest common factor of 3500142 and 38?
38
What is the greatest common divisor of 4 and 1226418?
2
Calculate the highest common divisor of 2254 and 469108.
46
What is the greatest common factor of 2074660 and 773836?
812
Calculate the greatest common factor of 141111367 and 9716.
347
What is the highest common factor of 493 and 4078299?
